92 and 112.
16
What is the greatest common divisor of 41994848 and 896?
224
Calculate the highest common divisor of 1235 and 351215.
95
Calculate the highest common factor of 7446036 and 6903.
2301
Calculate the highest common factor of 860 and 47036195.
215
What is the highest common divisor of 348754 and 3486?
14
What is the highest common divisor of 116 and 224054?
58
Calculate the highest common divisor of 3 and 312121.
1
Calculate the greatest common divisor of 6 and 3410673.
3
Calculate the highest common divisor of 146566070 and 280.
70
What is the highest common factor of 51517884 and 284?
284
Calculate the highest common factor of 1592 and 42297848.
1592
Calculate the greatest common divisor of 304878 and 276948.
294
Calculate the highest common factor of 15190 and 9070.
10
What is the highest common divisor of 47 and 311139107?
47
What is the highest common factor of 172445 and 40?
5
Calculate the highest common factor of 9381 and 1937265.
177
Calculate the highest common divisor of 14747475 and 225.
75
What is the highest common factor of 57036 and 606620?
196
Calculate the greatest common divisor of 11102 and 5554843.
427
What is the greatest common factor of 3030 and 199975960?
1010
What is the greatest common factor of 113901610 and 10?
10
What is the highest common factor of 5454 and 3637782?
18
Calculate the greatest common divisor of 2601612 and 884.
884
What is the greatest common divisor of 27652 and 20006668?
892
What is the highest common divisor of 205 and 8111399?
41
Calculate the highest common divisor of 190 and 73446305.
95
Calculate the highest common factor of 1256280 and 7830.
870
Calculate the highest common factor of 273 and 182931.
21
What is the greatest common divisor of 3603045 and 345?
15
Calculate the greatest common divisor of 94894 and 24594292.
5582
Calculate the greatest common factor of 871 and 30708847.
871
What is the greatest common factor of 196288 and 75424?
32
What is the highest common factor of 1158 and 4403874?
1158
What is the highest common divisor of 1708213 and 3737?
101
Calculate the greatest common divisor of 5132156 and 7900.
316
What is the highest common divisor of 676 and 76477960?
52
Calculate the greatest common divisor of 8274144 and 158.
158
Calculate the highest common factor of 6825040 and 1840.
80
Calculate the highest common divisor of 1147376 and 2712.
8
Calculate the greatest common divisor of 2392 and 18290612.
92
What is the highest common divisor of 5238473 and 3193?
31
What is the highest common factor of 477009 and 44577?
351
What is the highest common factor of 7130439 and 126999?
1233
Calculate the highest common divisor of 10 and 253316590.
10
Calculate the highest common factor of 198657195 and 231.
33
Calculate the greatest common factor of 739401 and 6539.
13
Calculate the highest common divisor of 182168851 and 47.
47
Calculate the greatest common factor of 56 and 106196692.
28
What is the greatest common divisor of 780 and 79330?
10
Calculate the greatest common factor of 1739448 and 297216.
216
What is the highest common factor of 579527569 and 323?
323
Calculate the highest common factor of 33 and 18995988.
33
What is the highest common divisor of 15988 and 12922?
14
Calculate the greatest common factor of 6 and 123523362.
6
Calculate the greatest common factor of 1666 and 3817394.
98
What is the greatest common factor of 416 and 57561556?
52
What is the greatest common divisor of 53997800 and 2200?
200
Calculate the greatest common factor of 474 and 69893907.
237
Calculate the greatest common factor of 430653627 and 369.
369
Calculate the greatest common divisor of 165 and 2926539.
33
What is the highest common factor of 83006551 and 941?
941
What is the greatest common divisor of 318668 and 388152?
2396
What is the greatest common factor of 18172338 and 5364?
894
Calculate the highest common factor of 725 and 57623.
29
What is the highest common divisor of 34 and 23901694?
34
What is the highest common divisor of 124005 and 8715?
105
What is the greatest common factor of 10225744 and 164561?
3827
What is the highest common factor of 36 and 17890461?
9
What is the highest common factor of 22112 and 32477?
691
What is the highest common factor of 3314810 and 39246?
422
Calculate the highest common factor of 56974 and 434777.
467
Calculate the greatest common factor of 448 and 259008.
64
Calculate the greatest common factor of 65057028 and 2448.
204
Calculate the highest common factor of 1324154640 and 180.
60
Calculate the greatest common divisor of 58700611 and 37.
37
Calculate the greatest common factor of 531988 and 49404.
716
Calculate the highest common divisor of 56827870 and 242.
22
Calculate the highest common divisor of 296 and 9196461.
37
What is the highest common factor of 463982925 and 525?
525
What is the greatest common divisor of 3382876 and 420?
28
What is the greatest common divisor of 398098 and 10?
2
Calculate the greatest common divisor of 441728 and 86352.
112
Calculate the highest common divisor of 90368 and 99193.
353
What is the highest common factor of 10275 and 6045?
15
What is the greatest common factor of 77 and 12346775?
7
What is the greatest common divisor of 493 and 46197?
29
What is the highest common divisor of 24481499 and 1022?
511
What is the highest common factor of 50606948 and 56?
28
What is the highest common factor of 834694 and 4746?
14
What is the highest common factor of 65 and 45294145?
65
Calculate the highest common factor of 3447 and 138273341.
383
What is the highest common factor of 48 and 199959856?
16
What is the highest common divisor of 9100 and 364?
364
What is the highest common factor of 22431 and 11409?
3
Calculate the greatest common divisor of 29 and 36222827.
29
What is the greatest common divisor of 72 and 25069644?
36
What is the greatest common divisor of 24720 and 66032?
16
What is the greatest common divisor of 48124131 and 171?
57
Calculate the greatest common factor of 14072 and 945687652.
7036
What is the greatest common divisor of 331003 and 55581?
191
What is the highest common factor of 135 and 39349430?
5
What is the highest common divisor of 198796 and 3292?
4
What is the greatest common divisor of 2011244 and 239144?
716
Calculate the greatest common factor of 664838363 and 119.
119
What is the highest common factor of 4808 and 5662622?
1202
What is the greatest common factor of 573674 and 556756?
1538
What is the highest common divisor of 817122 and 8874?
102
Calculate the highest common factor of 66 and 371515353.
33
Calculate the greatest common factor of 48238512 and 3864.
168
What is the greatest common factor of 2674059 and 2265?
453
What is the highest common divisor of 14 and 119943978?
14
Calculate the highest common factor of 203814 and 1283386.
338
What is the highest common divisor of 66 and 5923324?
22
Calculate the greatest common divisor of 598056 and 3504.
24
Calculate the highest common factor of 2146151 and 63.
7
Calculate the highest common factor of 730425 and 6700.
25
What is the highest common factor of 1469 and 908687?
13
What is the greatest common divisor of 12 and 2226894?
6
What is the greatest common factor of 2889 and 145413?
963
Calculate the greatest common factor of 11128143 and 2028.
507
Calculate the highest common factor of 1570 and 1523842.
314
What is the highest common divisor of 4827288 and 2042?
2042
What is the highest common divisor of 196150970 and 287?
41
What is the greatest common factor of 1581 and 334621285?
527
Calculate the greatest common divisor of 37461888 and 15624.
2232
What is the highest common divisor of 54604 and 9570847?
187
What is the greatest common divisor of 3430 and 4286814?
686
Calculate the greatest common divisor of 56507 and 984698.
121
What is the greatest common factor of 11628 and 2856726?
342
Calculate the highest common factor of 159 and 145031320.
53
Calculate the greatest common divisor of 97732 and 1884203.
53
Calculate the greatest common factor of 9898042 and 1694.
1694
What is the highest common factor of 31164 and 714420?
588
Calculate the greatest common divisor of 1963 and 44864969.
151
Calculate the greatest common divisor of 32242 and 2822726.
94
Calculate the highest common divisor of 5639732 